 digit of 3779575?
5
What is the hundred thousands digit of 1610388?
6
What is the tens digit of 4599052?
5
What is the units digit of 915276?
6
What is the thousands digit of 1036122?
6
What is the hundred thousands digit of 368205?
3
What is the hundred thousands digit of 16589638?
5
What is the hundred thousands digit of 24512081?
5
What is the hundreds digit of 8973?
9
What is the millions digit of 5335469?
5
What is the units digit of 230643?
3
What is the tens digit of 207171?
7
What is the hundred thousands digit of 950327?
9
What is the hundred thousands digit of 104158?
1
What is the tens digit of 10418918?
1
What is the units digit of 15392826?
6
What is the units digit of 723111?
1
What is the hundred thousands digit of 14880795?
8
What is the thousands digit of 3945372?
5
What is the ten thousands digit of 35677905?
7
What is the tens digit of 481277?
7
What is the hundred thousands digit of 2079877?
0
What is the millions digit of 13714913?
3
What is the millions digit of 2189267?
2
What is the thousands digit of 817668?
7
What is the tens digit of 584387?
8
What is the hundreds digit of 6078853?
8
What is the units digit of 4078341?
1
What is the hundred thousands digit of 960512?
9
What is the units digit of 276167?
7
What is the hundred thousands digit of 215327?
2
What is the ten thousands digit of 660826?
6
What is the ten thousands digit of 4682256?
8
What is the hundred thousands digit of 384019?
3
What is the thousands digit of 617809?
7
What is the hundreds digit of 178505?
5
What is the hundreds digit of 1552635?
6
What is the tens digit of 3040142?
4
What is the hundred thousands digit of 13001766?
0
What is the tens digit of 103670?
7
What is the ten thousands digit of 435229?
3
What is the hundreds digit of 9532963?
9
What is the hundred thousands digit of 530184?
5
What is the thousands digit of 1689136?
9
What is the ten thousands digit of 20264?
2
What is the units digit of 824386?
6
What is the units digit of 251783?
3
What is the thousands digit of 6043811?
3
What is the ten thousands digit of 604487?
0
What is the tens digit of 1101364?
6
What is the units digit of 362973?
3
What is the tens digit of 36497?
9
What is the thousands digit of 1012072?
2
What is the hundreds digit of 23277769?
7
What is the millions digit of 16296479?
6
What is the units digit of 2375170?
0
What is the thousands digit of 2919701?
9
What is the thousands digit of 135971?
5
What is the millions digit of 17823260?
7
What is the thousands digit of 37983?
7
What is the units digit of 989573?
3
What is the units digit of 11620239?
9
What is the tens digit of 4876873?
7
What is the units digit of 1312065?
5
What is the millions digit of 17441585?
7
What is the thousands digit of 415635?
5
What is the ten thousands digit of 37685803?
8
What is the units digit of 1237895?
5
What is the hundreds digit of 7442185?
1
What is the ten thousands digit of 140895?
4
What is the millions digit of 1649501?
1
What is the tens digit of 34592?
9
What is the millions digit of 2469146?
2
What is the hundreds digit of 10257382?
3
What is the ten thousands digit of 347784?
4
What is the tens digit of 18112?
1
What is the units digit of 151755?
5
What is the hundred thousands digit of 8379123?
3
What is the hundreds digit of 694187?
1
What is the hundreds digit of 21151?
1
What is the hundred thousands digit of 217079?
2
What is the units digit of 2711766?
6
What is the hundreds digit of 145992?
9
What is the units digit of 1904297?
7
What is the units digit of 339758?
8
What is the hundreds digit of 396310?
3
What is the hundred thousands digit of 285320?
2
What is the hundred thousands digit of 165325?
1
What is the hundreds digit of 2438858?
8
What is the units digit of 6384699?
9
What is the ten thousands digit of 3456255?
5
What is the hundreds digit of 5554351?
3
What is the thousands digit of 465934?
5
What is the units digit of 4305463?
3
What is the tens digit of 4938059?
5
What is the hundreds digit of 7622976?
9
What is the tens digit of 136637?
3
What is the thousands digit of 145045?
5
What is the thousands digit of 380841?
0
What is the millions digit of 17749960?
7
What is the ten thousands digit of 576060?
7
What is the ten thousands digit of 27539268?
3
What is the tens digit of 10223667?
6
What is the ten thousands digit of 99647?
9
What is the thousands digit of 41223?
1
What is the thousands digit of 2288109?
8
What is the ten thousands digit of 3523443?
2
What is the thousands digit of 7787300?
7
What is the thousands digit of 212506?
2
What is the hundreds digit of 147422?
4
What is the units digit of 673839?
9
What is the hundred thousands digit of 1066238?
0
What is the tens digit of 1527771?
7
What is the ten thousands digit of 140224?
4
What is the tens digit of 409985?
8
What is the units digit of 2118051?
1
What is the thousands digit of 1940598?
0
What is the tens digit of 9633518?
1
What is the ten millions digit of 17720883?
1
What is the hundreds digit of 3564346?
3
What is the units digit of 350585?
5
What is the ten thousands digit of 1220939?
2
What is the units digit of 1457691?
1
What is the ten thousands digit of 138001?
3
What is the thousands digit of 6870121?
0
What is the ten thousands digit of 1341521?
4
What is the hundred thousands digit of 15573879?
5
What is the hundreds digit of 96483?
4
What is the thousands digit of 15344508?
4
What is the hundred thousands digit of 1349928?
3
What is the tens digit of 108051?
5
What is the tens digit of 1390241?
4
What is the units digit of 31457?
7
What is the hundreds digit of 7604023?
0
What is the tens digit of 21708457?
5
What is the hundreds digit of 496344?
3
What is the ten millions digit of 13865590?
1
What is the units digit of 5942892?
2
What is the units digit of 80597?
7
What is the thousands digit of 39899?
9
What is the tens digit of 4018854?
5
What is the hundreds digit of 11597830?
8
What is the units digit of 839806?
6
What is the hundred thousands digit of 199221?
1
What is the hundreds digit of 352718?
7
What is the ten thousands digit of 13661595?
6
What is the hundreds digit of 1958997?
9
What is the ten thousands digit of 14589222?
8
What is the millions digit of 2328365?
2
What is the thousands digit of 4385091?
5
What is the thousands digit of 8639765?
9
What is the units digit of 4797849?
9
What is the thousands digit of 2351466?
1
What is the hundred thousands digit of 169687?
1
What is the tens digit of 3600121?
2
What is the hundreds digit of 8127259?
2
What is the units digit of 158293?
3
What is the ten thousands digit of 2958581?
5
What is the tens digit of 6542126?
2
What is the tens digit of 704830?
3
What is the hundreds digit of 2848106?
1
What is the ten thousands digit of 208194?
0
What is the ten millions digit of 18370920?
1
What is the thousands digit of 6351196?
1
What is the ten thousands digit of 293089?
9
What is the hundred thousands digit of 3190715?
1
What is the tens digit of 76977?
7
What is the thousands digit of 144648?
4
What is the hundreds digit of 2228874?
8
What is the hundred thousands digit of 19106754?
1
What is the tens digit of 687558?
5
What is the thousands digit of 3062612?
2
What is the hundred thousands digit of 132526?
1
What is the ten thousands digit of 1711009?
1
What is the thousands digit of 696482?
6
What is the hundred thousands digit of 18070258?
0
What is the tens digit of 486288?
8
What is the units digit of 1875835?
5
What is the tens digit of 138036?
3
What is the units digit of 27315889?
9
What is the millions digit of 14676518?
4
What is the ten thousands digit of 1337801?
3
What is the tens digit of 101201?
0
What is the ten millions digit of 15110089?
1
What is the hundreds digit of 14263221?
2
What is the ten thousands digit of 239394?
3
What is the hundreds digit of 99855?
8
What is the hundred thousands digit of 284933?
2
What is the hundreds digit of 239407?
4
What is the hundreds digit of 712186?
1
What is the thousands digit of 642028?
2
What is the units digit of 19639015?
5
What is the thousands digit of 7157291?
7
What is the hundred thousands digit of 2670165?
6
What is the tens digit of 110122?
2
What is the thousands digit of 324636?
4
What is the thousands digit of 3695993?
5